{"id":1265,"date":"2025-03-24T18:22:16","date_gmt":"2025-03-24T18:22:16","guid":{"rendered":"https:\/\/wo2go.nl\/GOinVrijheid\/?page_id=1265"},"modified":"2025-03-24T19:28:04","modified_gmt":"2025-03-24T19:28:04","slug":"reizende-dichters","status":"publish","type":"page","link":"https:\/\/wo2go.nl\/GOinVrijheid\/reizende-dichters\/","title":{"rendered":"Reizende dichters"},"content":{"rendered":"<div id='full_slider_1'  class='avia-fullwidth-slider main_color avia-shadow   avia-builder-el-0  el_before_av_section  avia-builder-el-first   container_wrap fullsize'  >\n<style type=\"text\/css\" data-created_by=\"avia_inline_auto\" id=\"style-css-av-m8ne979l-eef4fc03d5682f72a7c9f2a0e3ddc70b\">\n#top #wrap_all .avia-slideshow .av-slideshow-caption.av-m8ne979l-eef4fc03d5682f72a7c9f2a0e3ddc70b__0 .avia-caption-title{\nfont-size:80px;\n}\n<\/style>\n<div  class='avia-slideshow av-m8ne979l-eef4fc03d5682f72a7c9f2a0e3ddc70b avia-slideshow-featured av_slideshow_full avia-slide-slider av-slideshow-ui av-control-default av-slideshow-manual av-loop-once av-loop-manual-endless av-default-height-applied   avia-slideshow-1' data-slideshow-options=\"{&quot;animation&quot;:&quot;slide&quot;,&quot;autoplay&quot;:false,&quot;loop_autoplay&quot;:&quot;once&quot;,&quot;interval&quot;:5,&quot;loop_manual&quot;:&quot;manual-endless&quot;,&quot;autoplay_stopper&quot;:false,&quot;noNavigation&quot;:false,&quot;bg_slider&quot;:false,&quot;keep_padding&quot;:false,&quot;hoverpause&quot;:false,&quot;show_slide_delay&quot;:0}\"  itemprop=\"image\" itemscope=\"itemscope\" itemtype=\"https:\/\/schema.org\/ImageObject\" ><ul class='avia-slideshow-inner ' style='padding-bottom: 28.666666666667%;'><li  class='avia-slideshow-slide av-m8ne979l-eef4fc03d5682f72a7c9f2a0e3ddc70b__0  av-single-slide slide-1 slide-odd'><div data-rel='slideshow-1' class='avia-slide-wrap '   ><div class='av-slideshow-caption av-m8ne979l-eef4fc03d5682f72a7c9f2a0e3ddc70b__0 caption_fullwidth caption_left caption_left_framed caption_framed'><div class=\"container caption_container\"><div class=\"slideshow_caption\"><div class=\"slideshow_inner_caption\"><div class=\"slideshow_align_caption\"><h2 class='avia-caption-title '  itemprop=\"name\" >De Reizende Dichters<\/h2><\/div><\/div><\/div><\/div><\/div><img decoding=\"async\" fetchpriority=\"high\" class=\"wp-image-1269 avia-img-lazy-loading-not-1269\"  src=\"https:\/\/wo2go.nl\/GOinVrijheid\/wp-content\/uploads\/sites\/9\/2025\/03\/8fd50f3d-313e-4f68-a8ff-5219002aef56_thumb1920-e1742840687708-1500x430.jpg\" width=\"1500\" height=\"430\" title='8fd50f3d-313e-4f68-a8ff-5219002aef56_thumb1920' alt=''  itemprop=\"thumbnailUrl\"   \/><\/div><\/li><\/ul><\/div><\/div>\n<div id='av_section_1'  class='avia-section av-22nzy9-9736ea6e2123ccecd2e6bcdc68df186b main_color avia-section-default avia-no-border-styling  avia-builder-el-1  el_after_av_slideshow_full  avia-builder-el-last  avia-bg-style-scroll container_wrap fullsize'  ><div class='container av-section-cont-open' ><div class='template-page content  av-content-full alpha units'><div class='post-entry post-entry-type-page post-entry-1265'><div class='entry-content-wrapper clearfix'>\n<div  class='flex_column av-4b9g41-d26085433356c2cf91988f0ad127e8fe av_one_half  avia-builder-el-2  el_before_av_one_half  avia-builder-el-first  first flex_column_div  '     ><p>\n<style type=\"text\/css\" data-created_by=\"avia_inline_auto\" id=\"style-css-av-m8neyia1-346c6ebf5422cd59f7f9018dca4fbad4\">\n#top .av-special-heading.av-m8neyia1-346c6ebf5422cd59f7f9018dca4fbad4{\npadding-bottom:10px;\n}\nbody .av-special-heading.av-m8neyia1-346c6ebf5422cd59f7f9018dca4fbad4 .av-special-heading-tag .heading-char{\nfont-size:25px;\n}\n.av-special-heading.av-m8neyia1-346c6ebf5422cd59f7f9018dca4fbad4 .av-subheading{\nfont-size:15px;\n}\n<\/style>\n<div  class='av-special-heading av-m8neyia1-346c6ebf5422cd59f7f9018dca4fbad4 av-special-heading-h2 blockquote modern-quote  avia-builder-el-3  el_before_av_textblock  avia-builder-el-first '><h2 class='av-special-heading-tag '  itemprop=\"headline\"  >De kracht van woorden<\/h2><div class=\"special-heading-border\"><div class=\"special-heading-inner-border\"><\/div><\/div><\/div><br \/>\n\n<style type=\"text\/css\" data-created_by=\"avia_inline_auto\" id=\"style-css-av-m8nex1un-7712c81fa18c38e1b0591a889889c68b\">\n#top .av_textblock_section.av-m8nex1un-7712c81fa18c38e1b0591a889889c68b .avia_textblock{\nfont-size:18px;\ncolor:#000000;\n}\n<\/style>\n<section  class='av_textblock_section av-m8nex1un-7712c81fa18c38e1b0591a889889c68b '   itemscope=\"itemscope\" itemtype=\"https:\/\/schema.org\/CreativeWork\" ><div class='avia_textblock av_inherit_color'  itemprop=\"text\" ><p>In samenwerking met stichting WO2GO heeft het genootschap de Reizende Dichters een speciale uitgave van hun O-O-GO uitgebracht die geheel in het teken staat van 80 jaar vrijheid. Ge\u00efnspireerd door de thema&#8217;s van de stichting dragen zij op zaterdag 10 mei hun gedichten voor en brengen een ode aan vrijheid, verbondenheid en herdenken. Hun po\u00ebzie voert je mee naar de verhalen van toen en verbindt deze met het hier en nu. De woorden raken, inspireren en zetten aan tot reflectie. Het is een moment om stil te staan bij de waarde van vrijheid en de veerkracht van de mensheid.<\/p>\n<p>Ook de scholen van Goeree-Overflakkee hebben hun steentje bijgedragen aan de bundel. Kinderen van maar liefst dertien groepen van de openbare basisscholen op het eiland hebben een po\u00ebzieles van \u00e9\u00e9n uur gekregen. Het inlevingsvermogen van de kinderen is geprikkeld door ze uit te nodigen zich in te beelden, te voelen hoe die donkere tijd geweest moet zijn en dat te verwoorden. De bundel zal tijdens <em>GO in Vrijheid<\/em> te koop zijn bij de kraam van stichting WO2GO.<\/p>\n<\/div><\/section><\/p><\/div><div  class='flex_column av-2xx97l-24a7c4bf50e7665b02909ae04c76884d av_one_half  avia-builder-el-5  el_after_av_one_half  avia-builder-el-last  flex_column_div  '     ><p>\n<style type=\"text\/css\" data-created_by=\"avia_inline_auto\" id=\"style-css-av-m8ney3ij-561704cfc928ab0579d4a3fc43c89edd\">\n#top .hr.hr-invisible.av-m8ney3ij-561704cfc928ab0579d4a3fc43c89edd{\nheight:50px;\n}\n<\/style>\n<div  class='hr av-m8ney3ij-561704cfc928ab0579d4a3fc43c89edd hr-invisible  avia-builder-el-6  el_before_av_image  avia-builder-el-first '><span class='hr-inner '><span class=\"hr-inner-style\"><\/span><\/span><\/div><br \/>\n\n<style type=\"text\/css\" data-created_by=\"avia_inline_auto\" id=\"style-css-av-m8nedjw3-45fed252b86f8a174e12c3fa8c200595\">\n.avia-image-container.av-m8nedjw3-45fed252b86f8a174e12c3fa8c200595 img.avia_image{\nbox-shadow:none;\n}\n.avia-image-container.av-m8nedjw3-45fed252b86f8a174e12c3fa8c200595 .av-image-caption-overlay-center{\ncolor:#ffffff;\n}\n<\/style>\n<div  class='avia-image-container av-m8nedjw3-45fed252b86f8a174e12c3fa8c200595 av-styling- avia-align-center  avia-builder-el-7  el_after_av_hr  el_before_av_textblock '   itemprop=\"image\" itemscope=\"itemscope\" itemtype=\"https:\/\/schema.org\/ImageObject\" ><div class=\"avia-image-container-inner\"><div class=\"avia-image-overlay-wrap\"><img decoding=\"async\" fetchpriority=\"high\" class='wp-image-1266 avia-img-lazy-loading-not-1266 avia_image ' src=\"https:\/\/wo2go.nl\/GOinVrijheid\/wp-content\/uploads\/sites\/9\/2025\/03\/IMG_4772.jpg\" alt='' title='IMG_4772'  height=\"975\" width=\"1920\"  itemprop=\"thumbnailUrl\" srcset=\"https:\/\/wo2go.nl\/GOinVrijheid\/wp-content\/uploads\/sites\/9\/2025\/03\/IMG_4772.jpg 1920w, https:\/\/wo2go.nl\/GOinVrijheid\/wp-content\/uploads\/sites\/9\/2025\/03\/IMG_4772-300x152.jpg 300w, https:\/\/wo2go.nl\/GOinVrijheid\/wp-content\/uploads\/sites\/9\/2025\/03\/IMG_4772-1024x520.jpg 1024w, https:\/\/wo2go.nl\/GOinVrijheid\/wp-content\/uploads\/sites\/9\/2025\/03\/IMG_4772-768x390.jpg 768w, https:\/\/wo2go.nl\/GOinVrijheid\/wp-content\/uploads\/sites\/9\/2025\/03\/IMG_4772-1536x780.jpg 1536w, https:\/\/wo2go.nl\/GOinVrijheid\/wp-content\/uploads\/sites\/9\/2025\/03\/IMG_4772-1500x762.jpg 1500w, https:\/\/wo2go.nl\/GOinVrijheid\/wp-content\/uploads\/sites\/9\/2025\/03\/IMG_4772-705x358.jpg 705w, https:\/\/wo2go.nl\/GOinVrijheid\/wp-content\/uploads\/sites\/9\/2025\/03\/IMG_4772-450x229.jpg 450w, https:\/\/wo2go.nl\/GOinVrijheid\/wp-content\/uploads\/sites\/9\/2025\/03\/IMG_4772-600x305.jpg 600w\" sizes=\"(max-width: 1920px) 100vw, 1920px\" \/><\/div><\/div><\/div><br \/>\n<section  class='av_textblock_section av-m8nf2klt-e020fdd7b79e046468e26cdd3259353e '   itemscope=\"itemscope\" itemtype=\"https:\/\/schema.org\/CreativeWork\" ><div class='avia_textblock'  itemprop=\"text\" ><p style=\"text-align: center;\">Laat je betoveren door de kracht van woorden en wees welkom bij deze bijzondere reis door het verhaal van vrijheid. Kom luisteren, delen en vieren dat wij mogen leven in vrijheid.<\/p>\n<\/div><\/section><\/p><\/div>\n","protected":false},"excerpt":{"rendered":"","protected":false},"author":2,"featured_media":0,"parent":0,"menu_order":0,"comment_status":"closed","ping_status":"closed","template":"","meta":{"footnotes":""},"class_list":["post-1265","page","type-page","status-publish","hentry"],"_links":{"self":[{"href":"https:\/\/wo2go.nl\/GOinVrijheid\/wp-json\/wp\/v2\/pages\/1265","targetHints":{"allow":["GET"]}}],"collection":[{"href":"https:\/\/wo2go.nl\/GOinVrijheid\/wp-json\/wp\/v2\/pages"}],"about":[{"href":"https:\/\/wo2go.nl\/GOinVrijheid\/wp-json\/wp\/v2\/types\/page"}],"author":[{"embeddable":true,"href":"https:\/\/wo2go.nl\/GOinVrijheid\/wp-json\/wp\/v2\/users\/2"}],"replies":[{"embeddable":true,"href":"https:\/\/wo2go.nl\/GOinVrijheid\/wp-json\/wp\/v2\/comments?post=1265"}],"version-history":[{"count":13,"href":"https:\/\/wo2go.nl\/GOinVrijheid\/wp-json\/wp\/v2\/pages\/1265\/revisions"}],"predecessor-version":[{"id":1314,"href":"https:\/\/wo2go.nl\/GOinVrijheid\/wp-json\/wp\/v2\/pages\/1265\/revisions\/1314"}],"wp:attachment":[{"href":"https:\/\/wo2go.nl\/GOinVrijheid\/wp-json\/wp\/v2\/media?parent=1265"}],"curies":[{"name":"wp","href":"https:\/\/api.w.org\/{rel}","templated":true}]}}